{"version":"1.0","provider_name":"CasaSusa","provider_url":"https:\/\/www.casasusa.nl\/de\/","author_name":"admin","author_url":"https:\/\/www.casasusa.nl\/de\/author\/admin\/","title":"Silves Feira Medieval 2025 - CasaSusa","type":"rich","width":600,"height":338,"html":"<blockquote class=\"wp-embedded-content\" data-secret=\"ieNWMqXvWL\"><a href=\"https:\/\/www.casasusa.nl\/de\/aktuelles\/silves-feira-medieval-2025\/\">Silves Feira Medieval 2025<\/a><\/blockquote><iframe sandbox=\"allow-scripts\" security=\"restricted\" src=\"https:\/\/www.casasusa.nl\/de\/aktuelles\/silves-feira-medieval-2025\/embed\/#?secret=ieNWMqXvWL\" width=\"600\" height=\"338\" title=\"&#8222;Silves Feira Medieval 2025&#8220; &#8211; CasaSusa\" data-secret=\"ieNWMqXvWL\" frameborder=\"0\" marginwidth=\"0\" marginheight=\"0\" scrolling=\"no\" class=\"wp-embedded-content\"><\/iframe><script type=\"text\/javascript\">\n\/* <![CDATA[ *\/\n\/*! This file is auto-generated *\/\n!function(d,l){\"use strict\";l.querySelector&&d.addEventListener&&\"undefined\"!=typeof URL&&(d.wp=d.wp||{},d.wp.receiveEmbedMessage||(d.wp.receiveEmbedMessage=function(e){var t=e.data;if((t||t.secret||t.message||t.value)&&!\/[^a-zA-Z0-9]\/.test(t.secret)){for(var s,r,n,a=l.querySelectorAll('iframe[data-secret=\"'+t.secret+'\"]'),o=l.querySelectorAll('blockquote[data-secret=\"'+t.secret+'\"]'),c=new RegExp(\"^https?:$\",\"i\"),i=0;i<o.length;i++)o[i].style.display=\"none\";for(i=0;i<a.length;i++)s=a[i],e.source===s.contentWindow&&(s.removeAttribute(\"style\"),\"height\"===t.message?(1e3<(r=parseInt(t.value,10))?r=1e3:~~r<200&&(r=200),s.height=r):\"link\"===t.message&&(r=new URL(s.getAttribute(\"src\")),n=new URL(t.value),c.test(n.protocol))&&n.host===r.host&&l.activeElement===s&&(d.top.location.href=t.value))}},d.addEventListener(\"message\",d.wp.receiveEmbedMessage,!1),l.addEventListener(\"DOMContentLoaded\",function(){for(var e,t,s=l.querySelectorAll(\"iframe.wp-embedded-content\"),r=0;r<s.length;r++)(t=(e=s[r]).getAttribute(\"data-secret\"))||(t=Math.random().toString(36).substring(2,12),e.src+=\"#?secret=\"+t,e.setAttribute(\"data-secret\",t)),e.contentWindow.postMessage({message:\"ready\",secret:t},\"*\")},!1)))}(window,document);\n\/\/# sourceURL=https:\/\/www.casasusa.nl\/wp-includes\/js\/wp-embed.min.js\n\/* ]]> *\/\n<\/script>\n","thumbnail_url":"https:\/\/www.casasusa.nl\/wp-content\/uploads\/2026\/01\/Histories-spektakel.jpg","thumbnail_width":828,"thumbnail_height":1032,"description":"Vom 8. bis zum 16. August 2025 verwandelt sich die historische Stadt Silves anl\u00e4sslich der diesj\u00e4hrigen 20. Ausgabe w\u00e4hrend der j\u00e4hrlichen Feira Medieval de Silves in eine lebendige mittelalterliche Welt. Neun Tage lang f\u00fchlen Sie sich in eine andere Zeit versetzt \u2013 mit Rittern, Schwertk\u00e4mpfern, Stra\u00dfenk\u00fcnstlern, Marktst\u00e4nden und duftenden Tavernen. Der mittelalterliche Charakter von Silves, ..."}

Vom 8. bis zum 16. August 2025 verwandelt sich die historische Stadt Silves anlässlich der diesjährigen 20. Ausgabe während der jährlichen Feira Medieval de Silves in eine lebendige mittelalterliche Welt. Neun Tage lang fühlen Sie sich in eine andere Zeit versetzt – mit Rittern, Schwertkämpfern, Straßenkünstlern, Marktständen und duftenden Tavernen. Der mittelalterliche Charakter von Silves, ...
